0112330 - -102?
-10130112222
In base 12, what is 648322 - 4?
64831a
In base 16, what is -17e543 - -2?
-17e541
In base 5, what is -344022332102 - 10?
-344022332112
In base 4, what is -301130 + -113032?
-1020222
In base 5, what is 12110130232 - 0?
12110130232
In base 9, what is -646384448 - -2?
-646384446
In base 4, what is 2122302 + -1010?
2121232
In base 4, what is -122330322 + -110201?
-123101123
In base 14, what is 5 + 18d069?
18d070
In base 15, what is -2435a + 813?
-23a47
In base 6, what is -12205033 - -11043?
-12153550
In base 7, what is -1 - 1330241?
-1330242
In base 3, what is -100122010 + 10011202?
-20110101
In base 14, what is 0 - 1a69ac?
-1a69ac
In base 11, what is -5a678aa - 1?
-5a67900
In base 2, what is 10000011110101 - -11101010110110?
101101110101011
In base 2, what is -11000000011100000111 + -10101111?
-11000000011110110110
In base 13, what is -586 - 1200?
-1786
In base 6, what is 2204110 - -1?
2204111
In base 2, what is 101001101111010001 + 1001010?
101001110000011011
In base 16, what is 2 - 1636e7a?
-1636e78
In base 7, what is 106 + 3032?
3141
In base 2, what is -10111110 + -10100100010111011?
-10100100101111001
In base 3, what is 111001111 + 121221?
111200102
In base 6, what is -3313400 + -121?
-3313521
In base 7, what is -2254 - -662056?
656502
In base 14, what is c1 - -134ca?
135ab
In base 7, what is -146442532 - -21?
-146442511
In base 12, what is 5bb97498 + 2?
5bb9749a
In base 15, what is 87b88 + -40?
87b48
In base 12, what is 427a4320 - 2?
427a431a
In base 14, what is -cb2c - 11b9?
-dd07
In base 7, what is 422 + 503066?
503521
In base 11, what is 145 + -1520104?
-151aa6a
In base 9, what is -18547783 + -54?
-18547847
In base 6, what is 5 - 5355335405?
-5355335400
In base 12, what is -3a07060 - 1?
-3a07061
In base 6, what is -5344540444 + 2?
-5344540442
In base 9, what is -5 - 13157423?
-13157428
In base 13, what is -67 - -71678?
71611
In base 5, what is 2232402 + -1323?
2231024
In base 6, what is -24153 - -41324?
13131
In base 7, what is -30563 + -120454?
-151350
In base 7, what is -5 + 115301020?
115301012
In base 8, what is -62135 - -221?
-61714
In base 4, what is -203302112301 + 112?
-203302112123
In base 15, what is -7cd2e3 + 1?
-7cd2e2
In base 10, what is -55574 - 786?
-56360
In base 6, what is -14 + 10204241?
10204223
In base 11, what is -24aa - -52095?
4a696
In base 7, what is 4 + 41534542?
41534546
In base 12, what is -72489528 + -4?
-72489530
In base 15, what is 8618 - -c1?
86d9
In base 8, what is 14 + 10214136?
10214152
In base 10, what is -864 - -67363?
66499
In base 4, what is -22212020230 + -113?
-22212021003
In base 3, what is -2200120110202012001 + -12?
-2200120110202012020
In base 2, what is 100 + -1010100111101000100111?
-1010100111101000100011
In base 12, what is 8 - 1999ba?
-1999b2
In base 11, what is -17655a1 - 3?
-17655a4
In base 10, what is -139380 - 723?
-140103
In base 14, what is 26121 + 4c?
2616d
In base 12, what is 119493b - -2?
1194941
In base 4, what is -13 - 102003320321?
-102003321000
In base 4, what is 100303121 - -20211?
100323332
In base 4, what is -1 - -112013132121?
112013132120
In base 8, what is 4004204 - 162?
4004022
In base 14, what is 51b - -174405?
174922
In base 7, what is -13 - -103501244?
103501231
In base 16, what is -3d3dd5 + -8?
-3d3ddd
In base 9, what is 750 + 1077?
1837
In base 16, what is -28 - -12b4ddc?
12b4db4
In base 15, what is -5 + -9b9206?
-9b920b
In base 16, what is -754 - -33b?
-419
In base 8, what is -3 - -136507345?
136507342
In base 11, what is 295 - 6623a1?
-662107
In base 12, what is 0 - 70375b56?
-70375b56
In base 14, what is 353c - -46a?
39a8
In base 14, what is 2caabb22 - -4?
2caabb26
In base 12, what is -26310 + 3811?
-226bb
In base 10, what is -1151187 + 1064?
-1150123
In base 11, what is 5 - -15a4a362?
15a4a367
In base 8, what is 4312 + 12213?
16525
In base 5, what is -1 - -3012004233?
3012004232
In base 3, what is 122 - -1121222022200?
1121222100022
In base 3, what is 11202021 + -1200022110?
-1111120012
In base 8, what is 173550053 - 1?
173550052
In base 2, what is 11110111010111 + 1101111001?
100000101010000
In base 9, what is -18131308 + -3?
-18131312
In base 4, what is 1033 - 1032220221?
-1032213122
In base 7, what is -12125146 - -20?
-12125126
In base 3, what is -112222011 + 22001?
-112200010
In base 4, what is 2010220032 + 3121?
2010223213
In base 11, what is -1346930 + 3?
-1346928
In base 9, what is -32 - -525126?
525084
In base 3, what is 100 + -20000220111?
-20000220011
In base 15, what is -95 + -5b88e4?
-5b8989
In base 2, what is 11111000011 + 100100111011?
1000011111110
In base 15, what is 13867a4 - -4?
13867a8
In base 14, what is -42d4 + 13d?
-4195
In base 16, what is -ca494 - -9?
-ca48b
In base 9, what is -3 + 3431686?
3431683
In base 13, what is -5626 + 58?
-559b
In base 3, what is -12020110002000202 - 0?
-12020110002000202
In base 15, what is -1 + 584bbe?
584bbd
In base 3, what is -11 - 11112102222211?
-11112102222222
In base 13, what is -17316 - 168?
-17481
In base 8, what is 3 - 271536043?
-271536040
In base 9, what is 888053 - 5?
888047
In base 3, what is -11 + 1011200000102110?
1011200000102022
In base 9, what is 53 - -277656?
277720
In base 15, what is -870 + 59cd4?
59464
In base 4, what is 2 - -1210021320132?
1210021320200
In base 5, what is 204133 - 22430?
131203
In base 5, what is -31342 + 11003102?
10421210
In base 13, what is a1769 + -18?
a1751
In base 12, what is 3939 + 30b45?
34882
In base 9, what is 378323 + -80?
378233
In base 16, what is 0 + c3b52?
c3b52
In base 13, what is -2c - 2909461?
-2909490
In base 7, what is -5 + -124145123?
-124145131
In base 7, what is 16452324460 + -2?
16452324455
In base 7, what is -525661 - 55?
-526046
In base 12, what is 12 + 593058?
59306a
In base 11, what is -1 + 7764335?
7764334
In base 10, what is -18 + -2077913?
-2077931
In base 6, what is 1132400 - -23344?
1200144
In base 6, what is -20252221500 + 10?
-20252221450
In base 10, what is 42177279 - 8?
42177271
In base 16, what is -abcea - 9?
-abcf3
In base 16, what is 13dae8 + -1?
13dae7
In base 8, what is 16 - 1733646?
-1733630
In base 11, what is 3a80aa38 - 1?
3a80aa37
In base 10, what is 249797 + -3?
249794
In base 16, what is 2354 + 33f?
2693
In base 2, what is 110111001011011101000000100 - -100?
110111001011011101000001000
In base 2, what is 1001110 + 10001100011000101100?
10001100011001111010
In base 4, what is -2222 + -13232031?
-13300313
In base 12, what is 13216a + -5?
132165
In base 15, what is 1766a - -17?
17682
In base 14, what is 1923bd0 - 1?
1923bcd
In base 9, what is -7 + -1606166?
-1606174
In base 2, what is 10010001110 - 101010000010011?
-100111110000101
In base 7, what is 522214 - -34?
522251
In base 14, what is 9a4ad - -80?
9a54d
In base 16, what is -6d7cb - a19?
-6e1e4
In base 9, what is -10104 + 1225?
-7768
In base 5, what is 203442102113 + -3?
203442102110
In base 9, what is -5 - -272262546?
272262541
In base 12, what is -3a874510 - -1?
-3a87450b
In base 7, what is 11666063 - 1?
11666062
In base 12, what is -1343ab49 - 2?
-1343ab4b
In base 7, what is -312425350 + 1?
-312425346
In base 11, what is 3338a9063 + 1?
3338a9064
In base 8, what is -125570363 + 5?
-125570356
In base 4, what is 212033 - 2122022?
-1303323
In base 7, what is -1666 - -1665655?
1663656
In base 8, what is 0 - 2066146723?
-2066146723
In base 4, what is 11 - -10122112131?
10122112202
In base 9, what is -85756 - 362?
-86228
In base 3, what is -201020211021011 + -112?
-201020211021200
In base 6, what is -1141323044 + 1?
-1141323043
In base 5, what is -114112 + -4402021?
-10021133
In base 14, what is 186 - abcc?
-aa46
In base 9, what is 130 - 8078538?
-8078408
In base 16, what is 55 + -1f8246?
-1f81f1
In base 10, what is 2252019 + -70?
2251949
In base 10, what is -15678546 + -1?
-15678547
In base 9, what is 5 + 36670838?
36670844
In base 10, what is 1796 + -57051?
-55255
In base 4, what is 11 + 21001002130?
21001002201
In base 7, what is -56250 + 11306?
-44641
In base 9, what is -4213555 + -6?
-4213562
In base 11, what is -123350 + -20a?
-12355a
In base 12, what is 1210 + 38a72?
3a082
In base 9, what is -1147314 + -172?
-1147486
In base 3, what is -201010221202 + -10102?
-201011002011
In base 7, what is -3 - 16231105?
-16231111
In base 8, what is -1 